{"id":1104,"date":"2022-01-26T15:06:51","date_gmt":"2022-01-26T15:06:51","guid":{"rendered":"https:\/\/crelya.com\/?post_type=product&#038;p=1104"},"modified":"2022-03-09T05:33:26","modified_gmt":"2022-03-09T05:33:26","slug":"paire-de-coussinet","status":"publish","type":"product","link":"https:\/\/crelya.com\/index.php\/product\/paire-de-coussinet\/","title":{"rendered":"Paire de coussinet arrondie"},"content":{"rendered":"<p>Paire de coussinet PUSH-UP \u00e0 la forme arrondie peut \u00eatre utilis\u00e9e pour rehausser ou solidifier un bikini, un Crop Top, un haut moulant\u2026 ect. Ils ne sont ni trop rigides ni trop \u00e9pais, ce qui donne un aspect naturel \u00e0 votre buste.<\/p>\n<p>L\u2019utilisation de coussinets est tr\u00e8s utile et pratique car elle permet de porter vos ouvrages sans soutien-gorge.<\/p>\n<p>Lavable en machine.<\/p>\n","protected":false},"excerpt":{"rendered":"<p>Couleur : Blanc<\/p>\n","protected":false},"featured_media":1369,"comment_status":"open","ping_status":"closed","template":"","meta":{"om_disable_all_campaigns":false,"_monsterinsights_skip_tracking":false,"_monsterinsights_sitenote_active":false,"_monsterinsights_sitenote_note":"","_monsterinsights_sitenote_category":0},"product_brand":[],"product_cat":[41],"product_tag":[],"class_list":{"0":"post-1104","1":"product","2":"type-product","3":"status-publish","4":"has-post-thumbnail","6":"product_cat-coussinet","8":"first","9":"instock","10":"shipping-taxable","11":"purchasable","12":"product-type-variable"},"featured_image_urls":{"full":["https:\/\/crelya.com\/wp-content\/uploads\/2022\/01\/COUSSINETS-ROND.jpg",759,634,false],"thumbnail":["https:\/\/crelya.com\/wp-content\/uploads\/2022\/01\/COUSSINETS-ROND-150x150.jpg",150,150,true],"medium":["https:\/\/crelya.com\/wp-content\/uploads\/2022\/01\/COUSSINETS-ROND-300x251.jpg",300,251,true],"medium_large":["https:\/\/crelya.com\/wp-content\/uploads\/2022\/01\/COUSSINETS-ROND.jpg",759,634,false],"large":["https:\/\/crelya.com\/wp-content\/uploads\/2022\/01\/COUSSINETS-ROND.jpg",759,634,false],"1536x1536":["https:\/\/crelya.com\/wp-content\/uploads\/2022\/01\/COUSSINETS-ROND.jpg",759,634,false],"2048x2048":["https:\/\/crelya.com\/wp-content\/uploads\/2022\/01\/COUSSINETS-ROND.jpg",759,634,false],"woocommerce_archive_thumbnail":["https:\/\/crelya.com\/wp-content\/uploads\/2022\/01\/COUSSINETS-ROND-300x300.jpg",300,300,true],"woocommerce_thumbnail":["https:\/\/crelya.com\/wp-content\/uploads\/2022\/01\/COUSSINETS-ROND-300x300.jpg",300,300,true],"woocommerce_single":["https:\/\/crelya.com\/wp-content\/uploads\/2022\/01\/COUSSINETS-ROND-600x501.jpg",600,501,true],"woocommerce_gallery_thumbnail":["https:\/\/crelya.com\/wp-content\/uploads\/2022\/01\/COUSSINETS-ROND-100x100.jpg",100,100,true],"ppec_logo_image_size":["https:\/\/crelya.com\/wp-content\/uploads\/2022\/01\/COUSSINETS-ROND.jpg",72,60,false],"ppec_header_image_size":["https:\/\/crelya.com\/wp-content\/uploads\/2022\/01\/COUSSINETS-ROND.jpg",108,90,false]},"post_excerpt_stackable":"<p>Couleur : Blanc<\/p>\n","category_list":"","author_info":{"name":"","url":""},"comments_num":"0 commentaire","_links":{"self":[{"href":"https:\/\/crelya.com\/index.php\/wp-json\/wp\/v2\/product\/1104","targetHints":{"allow":["GET"]}}],"collection":[{"href":"https:\/\/crelya.com\/index.php\/wp-json\/wp\/v2\/product"}],"about":[{"href":"https:\/\/crelya.com\/index.php\/wp-json\/wp\/v2\/types\/product"}],"replies":[{"embeddable":true,"href":"https:\/\/crelya.com\/index.php\/wp-json\/wp\/v2\/comments?post=1104"}],"wp:featuredmedia":[{"embeddable":true,"href":"https:\/\/crelya.com\/index.php\/wp-json\/wp\/v2\/media\/1369"}],"wp:attachment":[{"href":"https:\/\/crelya.com\/index.php\/wp-json\/wp\/v2\/media?parent=1104"}],"wp:term":[{"taxonomy":"product_brand","embeddable":true,"href":"https:\/\/crelya.com\/index.php\/wp-json\/wp\/v2\/product_brand?post=1104"},{"taxonomy":"product_cat","embeddable":true,"href":"https:\/\/crelya.com\/index.php\/wp-json\/wp\/v2\/product_cat?post=1104"},{"taxonomy":"product_tag","embeddable":true,"href":"https:\/\/crelya.com\/index.php\/wp-json\/wp\/v2\/product_tag?post=1104"}],"curies":[{"name":"wp","href":"https:\/\/api.w.org\/{rel}","templated":true}]}}