{"id":1453,"date":"2022-03-25T12:36:06","date_gmt":"2022-03-25T12:36:06","guid":{"rendered":"https:\/\/crelya.com\/?post_type=product&#038;p=1453"},"modified":"2023-06-28T19:08:08","modified_gmt":"2023-06-28T19:08:08","slug":"crop-top-vert-vert-ondine","status":"publish","type":"product","link":"https:\/\/crelya.com\/index.php\/product\/crop-top-vert-vert-ondine\/","title":{"rendered":"Crop Top &#8220;Mood&#8221;- Vert fonc\u00e9, d\u00e9tails vert ondine"},"content":{"rendered":"<p>Crop Top \u2013 100 % coton \u2013 r\u00e9alis\u00e9 \u00e0 la main.<\/p>\n<p>Abord\u00e9e fi\u00e8rement dans les 90s, le crop top est de retour depuis plusieurs saisons d\u00e9j\u00e0 !<\/p>\n<p>Pour une tenue casual, ce mod\u00e8le peut \u00eatre port\u00e9 avec Jeans\/basket taille haute.<\/p>\n<p>Pour une tenue 100% plage, on endosse son bikini, un short ou jupe et avec le crop top, c\u2019est le top du top !<\/p>\n<p>On peut \u00e9galement opter pour une tenue un peu plus habill\u00e9e, avec un ensemble blazer !<\/p>\n","protected":false},"excerpt":{"rendered":"<p>Fait \u00e0 la main<br \/>\nComposition : 100 % Coton<br \/>\nCouleurs : Vert, vert ondine<\/p>\n","protected":false},"featured_media":1470,"comment_status":"open","ping_status":"closed","template":"","meta":{"om_disable_all_campaigns":false,"_monsterinsights_skip_tracking":false,"_monsterinsights_sitenote_active":false,"_monsterinsights_sitenote_note":"","_monsterinsights_sitenote_category":0},"product_brand":[],"product_cat":[24],"product_tag":[],"class_list":{"0":"post-1453","1":"product","2":"type-product","3":"status-publish","4":"has-post-thumbnail","6":"product_cat-mode","8":"first","9":"instock","10":"shipping-taxable","11":"purchasable","12":"product-type-variable"},"featured_image_urls":{"full":["https:\/\/crelya.com\/wp-content\/uploads\/2022\/03\/crop-top.jpg",735,950,false],"thumbnail":["https:\/\/crelya.com\/wp-content\/uploads\/2022\/03\/crop-top-150x150.jpg",150,150,true],"medium":["https:\/\/crelya.com\/wp-content\/uploads\/2022\/03\/crop-top-232x300.jpg",232,300,true],"medium_large":["https:\/\/crelya.com\/wp-content\/uploads\/2022\/03\/crop-top.jpg",735,950,false],"large":["https:\/\/crelya.com\/wp-content\/uploads\/2022\/03\/crop-top.jpg",735,950,false],"1536x1536":["https:\/\/crelya.com\/wp-content\/uploads\/2022\/03\/crop-top.jpg",735,950,false],"2048x2048":["https:\/\/crelya.com\/wp-content\/uploads\/2022\/03\/crop-top.jpg",735,950,false],"woocommerce_archive_thumbnail":["https:\/\/crelya.com\/wp-content\/uploads\/2022\/03\/crop-top-300x300.jpg",300,300,true],"woocommerce_thumbnail":["https:\/\/crelya.com\/wp-content\/uploads\/2022\/03\/crop-top-300x300.jpg",300,300,true],"woocommerce_single":["https:\/\/crelya.com\/wp-content\/uploads\/2022\/03\/crop-top-600x776.jpg",600,776,true],"woocommerce_gallery_thumbnail":["https:\/\/crelya.com\/wp-content\/uploads\/2022\/03\/crop-top-100x100.jpg",100,100,true],"ppec_logo_image_size":["https:\/\/crelya.com\/wp-content\/uploads\/2022\/03\/crop-top.jpg",46,60,false],"ppec_header_image_size":["https:\/\/crelya.com\/wp-content\/uploads\/2022\/03\/crop-top.jpg",70,90,false]},"post_excerpt_stackable":"<p>Fait \u00e0 la main<br \/>\nComposition : 100 % Coton<br \/>\nCouleurs : Vert, vert ondine<\/p>\n","category_list":"","author_info":{"name":"","url":""},"comments_num":"0 commentaire","_links":{"self":[{"href":"https:\/\/crelya.com\/index.php\/wp-json\/wp\/v2\/product\/1453","targetHints":{"allow":["GET"]}}],"collection":[{"href":"https:\/\/crelya.com\/index.php\/wp-json\/wp\/v2\/product"}],"about":[{"href":"https:\/\/crelya.com\/index.php\/wp-json\/wp\/v2\/types\/product"}],"replies":[{"embeddable":true,"href":"https:\/\/crelya.com\/index.php\/wp-json\/wp\/v2\/comments?post=1453"}],"wp:featuredmedia":[{"embeddable":true,"href":"https:\/\/crelya.com\/index.php\/wp-json\/wp\/v2\/media\/1470"}],"wp:attachment":[{"href":"https:\/\/crelya.com\/index.php\/wp-json\/wp\/v2\/media?parent=1453"}],"wp:term":[{"taxonomy":"product_brand","embeddable":true,"href":"https:\/\/crelya.com\/index.php\/wp-json\/wp\/v2\/product_brand?post=1453"},{"taxonomy":"product_cat","embeddable":true,"href":"https:\/\/crelya.com\/index.php\/wp-json\/wp\/v2\/product_cat?post=1453"},{"taxonomy":"product_tag","embeddable":true,"href":"https:\/\/crelya.com\/index.php\/wp-json\/wp\/v2\/product_tag?post=1453"}],"curies":[{"name":"wp","href":"https:\/\/api.w.org\/{rel}","templated":true}]}}