{"id":1612,"date":"2022-07-13T14:26:46","date_gmt":"2022-07-13T14:26:46","guid":{"rendered":"https:\/\/crelya.com\/?post_type=product&#038;p=1612"},"modified":"2023-10-11T17:29:02","modified_gmt":"2023-10-11T17:29:02","slug":"anse-en-chaine-metallique-110-cm","status":"publish","type":"product","link":"https:\/\/crelya.com\/index.php\/product\/anse-en-chaine-metallique-110-cm\/","title":{"rendered":"Anse en cha\u00eene m\u00e9tallique &#8211; 110 cm"},"content":{"rendered":"<p>Anse de sac ou pochette, en cha\u00eene m\u00e9tallique, argent\u00e9e avec 2 mousquetons.<\/p>\n","protected":false},"excerpt":{"rendered":"<p>Longueur : 110 cm<\/p>\n<p>Composition : M\u00e9tal<\/p>\n<p>Couleur : Argent\u00e9<\/p>\n","protected":false},"featured_media":1613,"comment_status":"open","ping_status":"closed","template":"","meta":{"om_disable_all_campaigns":false,"_monsterinsights_skip_tracking":false,"_monsterinsights_sitenote_active":false,"_monsterinsights_sitenote_note":"","_monsterinsights_sitenote_category":0},"product_brand":[],"product_cat":[32],"product_tag":[],"class_list":{"0":"post-1612","1":"product","2":"type-product","3":"status-publish","4":"has-post-thumbnail","6":"product_cat-accessoires-sacs","8":"first","9":"instock","10":"shipping-taxable","11":"purchasable","12":"product-type-simple"},"featured_image_urls":{"full":["https:\/\/crelya.com\/wp-content\/uploads\/2022\/07\/Montage-photo-de-panneau-dhumeur-marron-peche-doree1.png",1024,1024,false],"thumbnail":["https:\/\/crelya.com\/wp-content\/uploads\/2022\/07\/Montage-photo-de-panneau-dhumeur-marron-peche-doree1-150x150.png",150,150,true],"medium":["https:\/\/crelya.com\/wp-content\/uploads\/2022\/07\/Montage-photo-de-panneau-dhumeur-marron-peche-doree1-300x300.png",300,300,true],"medium_large":["https:\/\/crelya.com\/wp-content\/uploads\/2022\/07\/Montage-photo-de-panneau-dhumeur-marron-peche-doree1-768x768.png",768,768,true],"large":["https:\/\/crelya.com\/wp-content\/uploads\/2022\/07\/Montage-photo-de-panneau-dhumeur-marron-peche-doree1-1024x1024.png",1024,1024,true],"1536x1536":["https:\/\/crelya.com\/wp-content\/uploads\/2022\/07\/Montage-photo-de-panneau-dhumeur-marron-peche-doree1.png",1024,1024,false],"2048x2048":["https:\/\/crelya.com\/wp-content\/uploads\/2022\/07\/Montage-photo-de-panneau-dhumeur-marron-peche-doree1.png",1024,1024,false],"woocommerce_archive_thumbnail":["https:\/\/crelya.com\/wp-content\/uploads\/2022\/07\/Montage-photo-de-panneau-dhumeur-marron-peche-doree1-300x300.png",300,300,true],"woocommerce_thumbnail":["https:\/\/crelya.com\/wp-content\/uploads\/2022\/07\/Montage-photo-de-panneau-dhumeur-marron-peche-doree1-300x300.png",300,300,true],"woocommerce_single":["https:\/\/crelya.com\/wp-content\/uploads\/2022\/07\/Montage-photo-de-panneau-dhumeur-marron-peche-doree1-600x600.png",600,600,true],"woocommerce_gallery_thumbnail":["https:\/\/crelya.com\/wp-content\/uploads\/2022\/07\/Montage-photo-de-panneau-dhumeur-marron-peche-doree1-100x100.png",100,100,true],"ppec_logo_image_size":["https:\/\/crelya.com\/wp-content\/uploads\/2022\/07\/Montage-photo-de-panneau-dhumeur-marron-peche-doree1.png",60,60,false],"ppec_header_image_size":["https:\/\/crelya.com\/wp-content\/uploads\/2022\/07\/Montage-photo-de-panneau-dhumeur-marron-peche-doree1.png",90,90,false]},"post_excerpt_stackable":"<p>Longueur : 110 cm<\/p>\n<p>Composition : M\u00e9tal<\/p>\n<p>Couleur : Argent\u00e9<\/p>\n","category_list":"","author_info":{"name":"","url":""},"comments_num":"0 commentaire","_links":{"self":[{"href":"https:\/\/crelya.com\/index.php\/wp-json\/wp\/v2\/product\/1612","targetHints":{"allow":["GET"]}}],"collection":[{"href":"https:\/\/crelya.com\/index.php\/wp-json\/wp\/v2\/product"}],"about":[{"href":"https:\/\/crelya.com\/index.php\/wp-json\/wp\/v2\/types\/product"}],"replies":[{"embeddable":true,"href":"https:\/\/crelya.com\/index.php\/wp-json\/wp\/v2\/comments?post=1612"}],"wp:featuredmedia":[{"embeddable":true,"href":"https:\/\/crelya.com\/index.php\/wp-json\/wp\/v2\/media\/1613"}],"wp:attachment":[{"href":"https:\/\/crelya.com\/index.php\/wp-json\/wp\/v2\/media?parent=1612"}],"wp:term":[{"taxonomy":"product_brand","embeddable":true,"href":"https:\/\/crelya.com\/index.php\/wp-json\/wp\/v2\/product_brand?post=1612"},{"taxonomy":"product_cat","embeddable":true,"href":"https:\/\/crelya.com\/index.php\/wp-json\/wp\/v2\/product_cat?post=1612"},{"taxonomy":"product_tag","embeddable":true,"href":"https:\/\/crelya.com\/index.php\/wp-json\/wp\/v2\/product_tag?post=1612"}],"curies":[{"name":"wp","href":"https:\/\/api.w.org\/{rel}","templated":true}]}}