{"id":1748,"date":"2022-10-30T21:47:36","date_gmt":"2022-10-30T21:47:36","guid":{"rendered":"https:\/\/crelya.com\/?post_type=product&#038;p=1748"},"modified":"2025-05-31T14:57:00","modified_gmt":"2025-05-31T14:57:00","slug":"fond-de-sac-avec-pieds-simili-cuir-22x10-cm","status":"publish","type":"product","link":"https:\/\/crelya.com\/index.php\/product\/fond-de-sac-avec-pieds-simili-cuir-22x10-cm\/","title":{"rendered":"Fond de sac avec pieds &#8211; Simili cuir &#8211; 22&#215;10 cm"},"content":{"rendered":"<p>Fond de sac \u00e0 pieds (les pieds sont de couleur bronze), en simili cuir id\u00e9als pour la r\u00e9alisation de sacs \u00e0 main ou pochettes.<\/p>\n","protected":false},"excerpt":{"rendered":"<p>Dimensions : 22&#215;10 cm<br \/>\nCouleurs : Noir, Cuir, Marron<br \/>\nMati\u00e8re : Simili cuir<\/p>\n<p>Le prix correspond \u00e0 un fond.<\/p>\n","protected":false},"featured_media":1755,"comment_status":"open","ping_status":"closed","template":"","meta":{"om_disable_all_campaigns":false,"_monsterinsights_skip_tracking":false,"_monsterinsights_sitenote_active":false,"_monsterinsights_sitenote_note":"","_monsterinsights_sitenote_category":0},"product_brand":[],"product_cat":[31,37],"product_tag":[],"class_list":{"0":"post-1748","1":"product","2":"type-product","3":"status-publish","4":"has-post-thumbnail","6":"product_cat-tous-pour-les-sacs","7":"product_cat-set-fond","9":"first","10":"instock","11":"shipping-taxable","12":"purchasable","13":"product-type-variable"},"featured_image_urls":{"full":["https:\/\/crelya.com\/wp-content\/uploads\/2022\/10\/0266858FONDDESAC.png",1024,1024,false],"thumbnail":["https:\/\/crelya.com\/wp-content\/uploads\/2022\/10\/0266858FONDDESAC-150x150.png",150,150,true],"medium":["https:\/\/crelya.com\/wp-content\/uploads\/2022\/10\/0266858FONDDESAC-300x300.png",300,300,true],"medium_large":["https:\/\/crelya.com\/wp-content\/uploads\/2022\/10\/0266858FONDDESAC-768x768.png",768,768,true],"large":["https:\/\/crelya.com\/wp-content\/uploads\/2022\/10\/0266858FONDDESAC-1024x1024.png",1024,1024,true],"1536x1536":["https:\/\/crelya.com\/wp-content\/uploads\/2022\/10\/0266858FONDDESAC.png",1024,1024,false],"2048x2048":["https:\/\/crelya.com\/wp-content\/uploads\/2022\/10\/0266858FONDDESAC.png",1024,1024,false],"woocommerce_archive_thumbnail":["https:\/\/crelya.com\/wp-content\/uploads\/2022\/10\/0266858FONDDESAC-300x300.png",300,300,true],"woocommerce_thumbnail":["https:\/\/crelya.com\/wp-content\/uploads\/2022\/10\/0266858FONDDESAC-300x300.png",300,300,true],"woocommerce_single":["https:\/\/crelya.com\/wp-content\/uploads\/2022\/10\/0266858FONDDESAC-600x600.png",600,600,true],"woocommerce_gallery_thumbnail":["https:\/\/crelya.com\/wp-content\/uploads\/2022\/10\/0266858FONDDESAC-100x100.png",100,100,true],"ppec_logo_image_size":["https:\/\/crelya.com\/wp-content\/uploads\/2022\/10\/0266858FONDDESAC.png",60,60,false],"ppec_header_image_size":["https:\/\/crelya.com\/wp-content\/uploads\/2022\/10\/0266858FONDDESAC.png",90,90,false]},"post_excerpt_stackable":"<p>Dimensions : 22&#215;10 cm<br \/>\nCouleurs : Noir, Cuir, Marron<br \/>\nMati\u00e8re : Simili cuir<\/p>\n<p>Le prix correspond \u00e0 un fond.<\/p>\n","category_list":"","author_info":{"name":"","url":""},"comments_num":"0 commentaire","_links":{"self":[{"href":"https:\/\/crelya.com\/index.php\/wp-json\/wp\/v2\/product\/1748","targetHints":{"allow":["GET"]}}],"collection":[{"href":"https:\/\/crelya.com\/index.php\/wp-json\/wp\/v2\/product"}],"about":[{"href":"https:\/\/crelya.com\/index.php\/wp-json\/wp\/v2\/types\/product"}],"replies":[{"embeddable":true,"href":"https:\/\/crelya.com\/index.php\/wp-json\/wp\/v2\/comments?post=1748"}],"wp:featuredmedia":[{"embeddable":true,"href":"https:\/\/crelya.com\/index.php\/wp-json\/wp\/v2\/media\/1755"}],"wp:attachment":[{"href":"https:\/\/crelya.com\/index.php\/wp-json\/wp\/v2\/media?parent=1748"}],"wp:term":[{"taxonomy":"product_brand","embeddable":true,"href":"https:\/\/crelya.com\/index.php\/wp-json\/wp\/v2\/product_brand?post=1748"},{"taxonomy":"product_cat","embeddable":true,"href":"https:\/\/crelya.com\/index.php\/wp-json\/wp\/v2\/product_cat?post=1748"},{"taxonomy":"product_tag","embeddable":true,"href":"https:\/\/crelya.com\/index.php\/wp-json\/wp\/v2\/product_tag?post=1748"}],"curies":[{"name":"wp","href":"https:\/\/api.w.org\/{rel}","templated":true}]}}

<p>Fond de sac à pieds (les pieds sont de couleur bronze), en simili cuir idéals pour la réalisation de sacs à main ou pochettes.</p>

<p>Dimensions : 22&#215;10 cm<br />
Couleurs : Noir, Cuir, Marron<br />
Matière : Simili cuir</p>
<p>Le prix correspond à un fond.</p>
