{"id":2941,"date":"2025-11-11T20:18:35","date_gmt":"2025-11-11T20:18:35","guid":{"rendered":"https:\/\/crelya.com\/?post_type=product&#038;p=2941"},"modified":"2025-11-11T20:18:35","modified_gmt":"2025-11-11T20:18:35","slug":"set-sac-au-crochet-giulia-marron-fond-et-anses-pre-perforees-en-simili-cuir","status":"publish","type":"product","link":"https:\/\/crelya.com\/index.php\/product\/set-sac-au-crochet-giulia-marron-fond-et-anses-pre-perforees-en-simili-cuir\/","title":{"rendered":"Set sac au crochet \u201cGiulia\u201d marron \u2013 fond et anses pr\u00e9-perfor\u00e9es en simili cuir"},"content":{"rendered":"<p>R\u00e9alisez un sac au crochet \u00e9l\u00e9gant et raffin\u00e9 gr\u00e2ce \u00e0 ce set complet en <strong>simili cuir de qualit\u00e9<\/strong>.<br \/>\nLe set <em>Giulia<\/em> comprend :<\/p>\n<ul>\n<li><strong>Un fond de sac pr\u00e9-perfor\u00e9<\/strong> (30 x 10 cm) pour une base solide et parfaitement r\u00e9guli\u00e8re,<\/li>\n<li><strong>Une paire d\u2019anses r\u00e9glables<\/strong> (68 cm) assorties, dot\u00e9es de <strong>boucles m\u00e9talliques<\/strong> robustes et d\u2019une finition soign\u00e9e.<\/li>\n<\/ul>\n<p>Facile \u00e0 assembler, ce set est id\u00e9al pour vos cr\u00e9ations au crochet. Il apporte imm\u00e9diatement une touche professionnelle et chic \u00e0 vos sacs faits main.<\/p>\n<p>\u2728 Associez ce set \u00e0 la CORDE SWAN BLACK pour un rendu unique mais surtout solide !<\/p>\n","protected":false},"excerpt":{"rendered":"<p><strong>Composition\u00a0: <\/strong>simili cuir<\/p>\n<p><strong>Fond de sac pr\u00e9-perfor\u00e9 :<\/strong> 30&#215;10 cm<\/p>\n<p><strong>Paire de anses :<\/strong> environ 68 cm<\/p>\n","protected":false},"featured_media":2942,"comment_status":"open","ping_status":"closed","template":"","meta":{"om_disable_all_campaigns":false,"_monsterinsights_skip_tracking":false,"_monsterinsights_sitenote_active":false,"_monsterinsights_sitenote_note":"","_monsterinsights_sitenote_category":0},"product_brand":[],"product_cat":[31,37],"product_tag":[],"class_list":{"0":"post-2941","1":"product","2":"type-product","3":"status-publish","4":"has-post-thumbnail","6":"product_cat-tous-pour-les-sacs","7":"product_cat-set-fond","9":"first","10":"instock","11":"shipping-taxable","12":"purchasable","13":"product-type-simple"},"featured_image_urls":{"full":["https:\/\/crelya.com\/wp-content\/uploads\/2025\/11\/GIULIA-MARRON-FONCE.png",1024,1024,false],"thumbnail":["https:\/\/crelya.com\/wp-content\/uploads\/2025\/11\/GIULIA-MARRON-FONCE-150x150.png",150,150,true],"medium":["https:\/\/crelya.com\/wp-content\/uploads\/2025\/11\/GIULIA-MARRON-FONCE-300x300.png",300,300,true],"medium_large":["https:\/\/crelya.com\/wp-content\/uploads\/2025\/11\/GIULIA-MARRON-FONCE-768x768.png",768,768,true],"large":["https:\/\/crelya.com\/wp-content\/uploads\/2025\/11\/GIULIA-MARRON-FONCE.png",1024,1024,false],"1536x1536":["https:\/\/crelya.com\/wp-content\/uploads\/2025\/11\/GIULIA-MARRON-FONCE.png",1024,1024,false],"2048x2048":["https:\/\/crelya.com\/wp-content\/uploads\/2025\/11\/GIULIA-MARRON-FONCE.png",1024,1024,false],"woocommerce_archive_thumbnail":["https:\/\/crelya.com\/wp-content\/uploads\/2025\/11\/GIULIA-MARRON-FONCE-300x300.png",300,300,true],"woocommerce_thumbnail":["https:\/\/crelya.com\/wp-content\/uploads\/2025\/11\/GIULIA-MARRON-FONCE-300x300.png",300,300,true],"woocommerce_single":["https:\/\/crelya.com\/wp-content\/uploads\/2025\/11\/GIULIA-MARRON-FONCE-600x600.png",600,600,true],"woocommerce_gallery_thumbnail":["https:\/\/crelya.com\/wp-content\/uploads\/2025\/11\/GIULIA-MARRON-FONCE-100x100.png",100,100,true],"ppec_logo_image_size":["https:\/\/crelya.com\/wp-content\/uploads\/2025\/11\/GIULIA-MARRON-FONCE.png",60,60,false],"ppec_header_image_size":["https:\/\/crelya.com\/wp-content\/uploads\/2025\/11\/GIULIA-MARRON-FONCE.png",90,90,false]},"post_excerpt_stackable":"<p><strong>Composition\u00a0: <\/strong>simili cuir<\/p>\n<p><strong>Fond de sac pr\u00e9-perfor\u00e9 :<\/strong> 30&#215;10 cm<\/p>\n<p><strong>Paire de anses :<\/strong> environ 68 cm<\/p>\n","category_list":"","author_info":{"name":"","url":""},"comments_num":"0 commentaire","_links":{"self":[{"href":"https:\/\/crelya.com\/index.php\/wp-json\/wp\/v2\/product\/2941","targetHints":{"allow":["GET"]}}],"collection":[{"href":"https:\/\/crelya.com\/index.php\/wp-json\/wp\/v2\/product"}],"about":[{"href":"https:\/\/crelya.com\/index.php\/wp-json\/wp\/v2\/types\/product"}],"replies":[{"embeddable":true,"href":"https:\/\/crelya.com\/index.php\/wp-json\/wp\/v2\/comments?post=2941"}],"wp:featuredmedia":[{"embeddable":true,"href":"https:\/\/crelya.com\/index.php\/wp-json\/wp\/v2\/media\/2942"}],"wp:attachment":[{"href":"https:\/\/crelya.com\/index.php\/wp-json\/wp\/v2\/media?parent=2941"}],"wp:term":[{"taxonomy":"product_brand","embeddable":true,"href":"https:\/\/crelya.com\/index.php\/wp-json\/wp\/v2\/product_brand?post=2941"},{"taxonomy":"product_cat","embeddable":true,"href":"https:\/\/crelya.com\/index.php\/wp-json\/wp\/v2\/product_cat?post=2941"},{"taxonomy":"product_tag","embeddable":true,"href":"https:\/\/crelya.com\/index.php\/wp-json\/wp\/v2\/product_tag?post=2941"}],"curies":[{"name":"wp","href":"https:\/\/api.w.org\/{rel}","templated":true}]}}

Set sac au crochet “Giulia” marron – fond et anses pré-perforées en simili cuir

<p>Réalisez un sac au crochet élégant et raffiné grâce à ce set complet en <strong>simili cuir de qualité</strong>.<br />
Le set <em>Giulia</em> comprend :</p>
<ul>
<li><strong>Un fond de sac pré-perforé</strong> (30 x 10 cm) pour une base solide et parfaitement régulière,</li>
<li><strong>Une paire d’anses réglables</strong> (68 cm) assorties, dotées de <strong>boucles métalliques</strong> robustes et d’une finition soignée.</li>
</ul>
<p>Facile à assembler, ce set est idéal pour vos créations au crochet. Il apporte immédiatement une touche professionnelle et chic à vos sacs faits main.</p>
<p>✨ Associez ce set à la CORDE SWAN BLACK pour un rendu unique mais surtout solide !</p>

<p><strong>Composition : </strong>simili cuir</p>
<p><strong>Fond de sac pré-perforé :</strong> 30&#215;10 cm</p>
<p><strong>Paire de anses :</strong> environ 68 cm</p>
