{"id":418,"date":"2021-10-09T16:32:29","date_gmt":"2021-10-09T16:32:29","guid":{"rendered":"https:\/\/crelya.com\/?post_type=product&#038;p=418"},"modified":"2023-12-10T12:41:53","modified_gmt":"2023-12-10T12:41:53","slug":"576-gris-clair-cotonmaxy100","status":"publish","type":"product","link":"https:\/\/crelya.com\/index.php\/product\/576-gris-clair-cotonmaxy100\/","title":{"rendered":"Pelote de coton merceris\u00e9 MAXY100 Gris clair 576"},"content":{"rendered":"<p class=\"Standard\" style=\"text-align: center;\" align=\"center\"><b><span style=\"font-size: 14.0pt; font-family: 'Tw Cen MT',sans-serif;\">A propos<\/span><\/b><\/p>\n<p>Une gamme de coton merceris\u00e9 que j\u2019utilise tr\u00e8s quotidiennement.<\/p>\n<p>&nbsp;<\/p>\n<p>Elle est id\u00e9ale et tr\u00e8s pratique car elle permet de r\u00e9aliser des ouvrages tr\u00e8s vari\u00e9s. Le tissage est parfait et se travaille agr\u00e9ablement.<\/p>\n<p>&nbsp;<\/p>\n<p><em>Exemples\u00a0: Amigurumi, v\u00eatements de printemps et \u00e9t\u00e9\u2026 ect<\/em><\/p>\n","protected":false},"excerpt":{"rendered":"<ul>\n<li>Composition\u00a0: 100\u00a0% Coton merceris\u00e9<\/li>\n<li>Poids\u00a0: 100 gr<\/li>\n<li>Crochet\u00a0: 1,5<\/li>\n<li>Aiguilles\u00a0: 2 \u2013 2,5<\/li>\n<li>Lavage\u00a0: 60\u00b0<\/li>\n<\/ul>\n","protected":false},"featured_media":1205,"comment_status":"open","ping_status":"closed","template":"","meta":{"om_disable_all_campaigns":false,"_monsterinsights_skip_tracking":false,"_monsterinsights_sitenote_active":false,"_monsterinsights_sitenote_note":"","_monsterinsights_sitenote_category":0},"product_brand":[],"product_cat":[21],"product_tag":[],"class_list":{"0":"post-418","1":"product","2":"type-product","3":"status-publish","4":"has-post-thumbnail","6":"product_cat-coton-maxy-100","8":"first","9":"instock","10":"shipping-taxable","11":"purchasable","12":"product-type-simple"},"featured_image_urls":{"full":["https:\/\/crelya.com\/wp-content\/uploads\/2021\/10\/gris-clair-576.jpg",759,634,false],"thumbnail":["https:\/\/crelya.com\/wp-content\/uploads\/2021\/10\/gris-clair-576-150x150.jpg",150,150,true],"medium":["https:\/\/crelya.com\/wp-content\/uploads\/2021\/10\/gris-clair-576-300x251.jpg",300,251,true],"medium_large":["https:\/\/crelya.com\/wp-content\/uploads\/2021\/10\/gris-clair-576.jpg",759,634,false],"large":["https:\/\/crelya.com\/wp-content\/uploads\/2021\/10\/gris-clair-576.jpg",759,634,false],"1536x1536":["https:\/\/crelya.com\/wp-content\/uploads\/2021\/10\/gris-clair-576.jpg",759,634,false],"2048x2048":["https:\/\/crelya.com\/wp-content\/uploads\/2021\/10\/gris-clair-576.jpg",759,634,false],"woocommerce_archive_thumbnail":["https:\/\/crelya.com\/wp-content\/uploads\/2021\/10\/gris-clair-576-300x300.jpg",300,300,true],"woocommerce_thumbnail":["https:\/\/crelya.com\/wp-content\/uploads\/2021\/10\/gris-clair-576-300x300.jpg",300,300,true],"woocommerce_single":["https:\/\/crelya.com\/wp-content\/uploads\/2021\/10\/gris-clair-576-600x501.jpg",600,501,true],"woocommerce_gallery_thumbnail":["https:\/\/crelya.com\/wp-content\/uploads\/2021\/10\/gris-clair-576-100x100.jpg",100,100,true],"ppec_logo_image_size":["https:\/\/crelya.com\/wp-content\/uploads\/2021\/10\/gris-clair-576.jpg",72,60,false],"ppec_header_image_size":["https:\/\/crelya.com\/wp-content\/uploads\/2021\/10\/gris-clair-576.jpg",108,90,false]},"post_excerpt_stackable":"<ul>\n<li>Composition\u00a0: 100\u00a0% Coton merceris\u00e9<\/li>\n<li>Poids\u00a0: 100 gr<\/li>\n<li>Crochet\u00a0: 1,5<\/li>\n<li>Aiguilles\u00a0: 2 \u2013 2,5<\/li>\n<li>Lavage\u00a0: 60\u00b0<\/li>\n<\/ul>\n","category_list":"","author_info":{"name":"","url":""},"comments_num":"0 commentaire","_links":{"self":[{"href":"https:\/\/crelya.com\/index.php\/wp-json\/wp\/v2\/product\/418","targetHints":{"allow":["GET"]}}],"collection":[{"href":"https:\/\/crelya.com\/index.php\/wp-json\/wp\/v2\/product"}],"about":[{"href":"https:\/\/crelya.com\/index.php\/wp-json\/wp\/v2\/types\/product"}],"replies":[{"embeddable":true,"href":"https:\/\/crelya.com\/index.php\/wp-json\/wp\/v2\/comments?post=418"}],"wp:featuredmedia":[{"embeddable":true,"href":"https:\/\/crelya.com\/index.php\/wp-json\/wp\/v2\/media\/1205"}],"wp:attachment":[{"href":"https:\/\/crelya.com\/index.php\/wp-json\/wp\/v2\/media?parent=418"}],"wp:term":[{"taxonomy":"product_brand","embeddable":true,"href":"https:\/\/crelya.com\/index.php\/wp-json\/wp\/v2\/product_brand?post=418"},{"taxonomy":"product_cat","embeddable":true,"href":"https:\/\/crelya.com\/index.php\/wp-json\/wp\/v2\/product_cat?post=418"},{"taxonomy":"product_tag","embeddable":true,"href":"https:\/\/crelya.com\/index.php\/wp-json\/wp\/v2\/product_tag?post=418"}],"curies":[{"name":"wp","href":"https:\/\/api.w.org\/{rel}","templated":true}]}}