{"id":848,"date":"2021-10-14T23:41:05","date_gmt":"2021-10-14T23:41:05","guid":{"rendered":"https:\/\/crelya.com\/?post_type=product&#038;p=848"},"modified":"2022-02-11T16:03:26","modified_gmt":"2022-02-11T16:03:26","slug":"paille-viennoise","status":"publish","type":"product","link":"https:\/\/crelya.com\/index.php\/product\/paille-viennoise\/","title":{"rendered":"Paille Viennoise"},"content":{"rendered":"<p>La paille viennoise, tr\u00e8s mall\u00e9able et en fibre de bois est id\u00e9ale pour la cr\u00e9ation d\u2019objets et sacs.<\/p>\n","protected":false},"excerpt":{"rendered":"<p class=\"Standard\"><b>Composition\u00a0:<\/b> fibre de bois<\/p>\n<p class=\"Standard\"><b>Dimensions : <\/b>50&#215;100 cm<b><\/b><\/p>\n","protected":false},"featured_media":1153,"comment_status":"open","ping_status":"closed","template":"","meta":{"om_disable_all_campaigns":false,"_monsterinsights_skip_tracking":false,"_monsterinsights_sitenote_active":false,"_monsterinsights_sitenote_note":"","_monsterinsights_sitenote_category":0},"product_brand":[],"product_cat":[32],"product_tag":[],"class_list":{"0":"post-848","1":"product","2":"type-product","3":"status-publish","4":"has-post-thumbnail","6":"product_cat-accessoires-sacs","8":"first","9":"instock","10":"shipping-taxable","11":"purchasable","12":"product-type-simple"},"featured_image_urls":{"full":["https:\/\/crelya.com\/wp-content\/uploads\/2021\/10\/0.266.350.jpg",1024,768,false],"thumbnail":["https:\/\/crelya.com\/wp-content\/uploads\/2021\/10\/0.266.350-150x150.jpg",150,150,true],"medium":["https:\/\/crelya.com\/wp-content\/uploads\/2021\/10\/0.266.350-300x225.jpg",300,225,true],"medium_large":["https:\/\/crelya.com\/wp-content\/uploads\/2021\/10\/0.266.350-768x576.jpg",768,576,true],"large":["https:\/\/crelya.com\/wp-content\/uploads\/2021\/10\/0.266.350.jpg",1024,768,false],"1536x1536":["https:\/\/crelya.com\/wp-content\/uploads\/2021\/10\/0.266.350.jpg",1024,768,false],"2048x2048":["https:\/\/crelya.com\/wp-content\/uploads\/2021\/10\/0.266.350.jpg",1024,768,false],"woocommerce_archive_thumbnail":["https:\/\/crelya.com\/wp-content\/uploads\/2021\/10\/0.266.350-300x300.jpg",300,300,true],"woocommerce_thumbnail":["https:\/\/crelya.com\/wp-content\/uploads\/2021\/10\/0.266.350-300x300.jpg",300,300,true],"woocommerce_single":["https:\/\/crelya.com\/wp-content\/uploads\/2021\/10\/0.266.350-600x450.jpg",600,450,true],"woocommerce_gallery_thumbnail":["https:\/\/crelya.com\/wp-content\/uploads\/2021\/10\/0.266.350-100x100.jpg",100,100,true],"ppec_logo_image_size":["https:\/\/crelya.com\/wp-content\/uploads\/2021\/10\/0.266.350.jpg",80,60,false],"ppec_header_image_size":["https:\/\/crelya.com\/wp-content\/uploads\/2021\/10\/0.266.350.jpg",120,90,false]},"post_excerpt_stackable":"<p class=\"Standard\"><b>Composition\u00a0:<\/b> fibre de bois<\/p>\n<p class=\"Standard\"><b>Dimensions : <\/b>50&#215;100 cm<b><\/b><\/p>\n","category_list":"","author_info":{"name":"","url":""},"comments_num":"0 commentaire","_links":{"self":[{"href":"https:\/\/crelya.com\/index.php\/wp-json\/wp\/v2\/product\/848","targetHints":{"allow":["GET"]}}],"collection":[{"href":"https:\/\/crelya.com\/index.php\/wp-json\/wp\/v2\/product"}],"about":[{"href":"https:\/\/crelya.com\/index.php\/wp-json\/wp\/v2\/types\/product"}],"replies":[{"embeddable":true,"href":"https:\/\/crelya.com\/index.php\/wp-json\/wp\/v2\/comments?post=848"}],"wp:featuredmedia":[{"embeddable":true,"href":"https:\/\/crelya.com\/index.php\/wp-json\/wp\/v2\/media\/1153"}],"wp:attachment":[{"href":"https:\/\/crelya.com\/index.php\/wp-json\/wp\/v2\/media?parent=848"}],"wp:term":[{"taxonomy":"product_brand","embeddable":true,"href":"https:\/\/crelya.com\/index.php\/wp-json\/wp\/v2\/product_brand?post=848"},{"taxonomy":"product_cat","embeddable":true,"href":"https:\/\/crelya.com\/index.php\/wp-json\/wp\/v2\/product_cat?post=848"},{"taxonomy":"product_tag","embeddable":true,"href":"https:\/\/crelya.com\/index.php\/wp-json\/wp\/v2\/product_tag?post=848"}],"curies":[{"name":"wp","href":"https:\/\/api.w.org\/{rel}","templated":true}]}}

<p>La paille viennoise, très malléable et en fibre de bois est idéale pour la création d’objets et sacs.</p>
